{"id":238827,"date":"2021-03-16T14:19:27","date_gmt":"2021-03-16T12:19:27","guid":{"rendered":"https:\/\/fundacioassut.org\/?post_type=project&#038;p=238827"},"modified":"2021-03-16T14:19:29","modified_gmt":"2021-03-16T12:19:29","slug":"la-gestion-del-patrimonio-y-los-usos-no-agrarios-de-la-huerta","status":"publish","type":"project","link":"https:\/\/fundacioassut.org\/?project=la-gestion-del-patrimonio-y-los-usos-no-agrarios-de-la-huerta&lang=cas","title":{"rendered":"La gesti\u00f3n del patrimonio y los usos no agrarios de la Huerta"},"content":{"rendered":"\n<p><strong>Propuestas de contenidos para un plan de gesti\u00f3n y planificaci\u00f3n del patrimonio cultural y de los usos no agr\u00edcolas en el suelo no urbanizable del t\u00e9rmino municipal de Valencia<\/strong><\/p>\n\n\n\n<p><\/p>\n\n\n\n<p><strong>Descripci\u00f3n<\/strong><\/p>\n\n\n\n<p>La Huerta de Valencia, a pesar de su extraordinario valor, es un paisaje amenazado por m\u00faltiples factores interrelacionados. La p\u00e9rdida de rentabilidad de la actividad agr\u00edcola; la presi\u00f3n urban\u00edstica y el intenso crecimiento urbano e industrial que, de manera desordenada, han tenido lugar en este territorio, y el envejecimiento de la poblaci\u00f3n agr\u00edcola y el escaso relevo generacional durante los \u00faltimos a\u00f1os, son algunos de ellos.<br><br>Este trabajo se enmarca entre la reciente aprobaci\u00f3n definitiva del Plan de Acci\u00f3n Territorial de Ordenaci\u00f3n y Dinamizaci\u00f3n de la Huerta de Valencia (PATODHV) y la tramitaci\u00f3n del Anteproyecto de Ley de la Generalitat de la Huerta de Valencia. Sobre estas dos iniciativas conducidas por la Conselleria de Vivienda, Obras P\u00fablicas y Vertebraci\u00f3n del Territorio, se asienta gran parte de los contenidos del presente documento. Ambas condicionan las previsiones y propuestas aqu\u00ed contempladas y desarrolladas.<br><br>La aprobaci\u00f3n del PATODHV, una respuesta necesaria a una demanda hist\u00f3rica de la sociedad valenciana, supone un hito en la protecci\u00f3n y conservaci\u00f3n de la Huerta. Pero el PATODHV plantea una orientaci\u00f3n hacia la \u00abterciarizaci\u00f3n\u00bb de la agricultura que ha llevado a diferentes col\u00b7lectivos, entidades y administraciones a reflexionar sobre los riesgos que comporta para la actividad agraria la dinamizaci\u00f3n de la Huerta desde la \u00abterciarizaci\u00f3n\u00bb.<br><br>Este estudio surge de la necesidad de prevenir los posibles conflictos que la implantaci\u00f3n de actividades no agr\u00edcolas pueda ocasionar, as\u00ed como de la obligaci\u00f3n de proponer y definir unas l\u00edneas de trabajo que contribuyan a la integraci\u00f3n de los usos y actividades econ\u00f3micas en la Huerta. La propuesta parte de la centralidad de la actividad agraria y de la necesidad de abordar sus problemas actuales, sin rehuir de ninguna forma la exigencia de detener la degradaci\u00f3n del patrimonio cultural.<\/p>\n\n\n\n<p><\/p>\n\n\n\n<p><strong>Objetivos y l\u00edneas de actuaci\u00f3n<\/strong><\/p>\n\n\n\n<p>&#8211; Assentar les bases per a la conservaci\u00f3 del patrimoni cultural del S\u00f2l No Urbanitzable del terme municipal de Val\u00e8ncia<\/p>\n\n\n\n<p>&#8211; Promoure i potenciar activitats complement\u00e0ries i alternatives a l\u2019agricultura que puguen beneficiar, de manera directa i indirecta, els propis agricultors \u2014homes i dones\u2014 i l\u2019espai agrari al qual treballen.<\/p>\n\n\n\n<p><strong>Fecha:<\/strong> junio de 2017<\/p>\n\n\n\n<p><strong>Destinatario: <\/strong>Ajuntament de Val\u00e8ncia<\/p>\n","protected":false},"excerpt":{"rendered":"<p>Propuestas de contenidos para un plan de gesti\u00f3n y planificaci\u00f3n del patrimonio cultural y de los usos no agr\u00edcolas en el suelo no urbanizable del t\u00e9rmino municipal de Valencia Descripci\u00f3n La Huerta de Valencia, a pesar de su extraordinario valor, es un paisaje amenazado por m\u00faltiples factores interrelacionados. La p\u00e9rdida de rentabilidad de la actividad [&hellip;]<\/p>\n","protected":false},"author":5,"featured_media":238825,"comment_status":"closed","ping_status":"closed","template":"","meta":{"_et_pb_use_builder":"off","_et_pb_old_content":"","_et_gb_content_width":"","footnotes":""},"project_category":[34,24],"project_tag":[],"class_list":["post-238827","project","type-project","status-publish","has-post-thumbnail","hentry","project_category-comunicacion-y-asesoramiento","project_category-cultura-y-patrimonio"],"_links":{"self":[{"href":"https:\/\/fundacioassut.org\/index.php?rest_route=\/wp\/v2\/project\/238827","targetHints":{"allow":["GET"]}}],"collection":[{"href":"https:\/\/fundacioassut.org\/index.php?rest_route=\/wp\/v2\/project"}],"about":[{"href":"https:\/\/fundacioassut.org\/index.php?rest_route=\/wp\/v2\/types\/project"}],"author":[{"embeddable":true,"href":"https:\/\/fundacioassut.org\/index.php?rest_route=\/wp\/v2\/users\/5"}],"replies":[{"embeddable":true,"href":"https:\/\/fundacioassut.org\/index.php?rest_route=%2Fwp%2Fv2%2Fcomments&post=238827"}],"version-history":[{"count":2,"href":"https:\/\/fundacioassut.org\/index.php?rest_route=\/wp\/v2\/project\/238827\/revisions"}],"predecessor-version":[{"id":238829,"href":"https:\/\/fundacioassut.org\/index.php?rest_route=\/wp\/v2\/project\/238827\/revisions\/238829"}],"wp:featuredmedia":[{"embeddable":true,"href":"https:\/\/fundacioassut.org\/index.php?rest_route=\/wp\/v2\/media\/238825"}],"wp:attachment":[{"href":"https:\/\/fundacioassut.org\/index.php?rest_route=%2Fwp%2Fv2%2Fmedia&parent=238827"}],"wp:term":[{"taxonomy":"project_category","embeddable":true,"href":"https:\/\/fundacioassut.org\/index.php?rest_route=%2Fwp%2Fv2%2Fproject_category&post=238827"},{"taxonomy":"project_tag","embeddable":true,"href":"https:\/\/fundacioassut.org\/index.php?rest_route=%2Fwp%2Fv2%2Fproject_tag&post=238827"}],"curies":[{"name":"wp","href":"https:\/\/api.w.org\/{rel}","templated":true}]}}

La gestión del patrimonio y los usos no agrarios de la Huerta

<p><strong>Propuestas de contenidos para un plan de gestión y planificación del patrimonio cultural y de los usos no agrícolas en el suelo no urbanizable del término municipal de Valencia</strong></p>



<p></p>



<p><strong>Descripción</strong></p>



<p>La Huerta de Valencia, a pesar de su extraordinario valor, es un paisaje amenazado por múltiples factores interrelacionados. La pérdida de rentabilidad de la actividad agrícola; la presión urbanística y el intenso crecimiento urbano e industrial que, de manera desordenada, han tenido lugar en este territorio, y el envejecimiento de la población agrícola y el escaso relevo generacional durante los últimos años, son algunos de ellos.<br><br>Este trabajo se enmarca entre la reciente aprobación definitiva del Plan de Acción Territorial de Ordenación y Dinamización de la Huerta de Valencia (PATODHV) y la tramitación del Anteproyecto de Ley de la Generalitat de la Huerta de Valencia. Sobre estas dos iniciativas conducidas por la Conselleria de Vivienda, Obras Públicas y Vertebración del Territorio, se asienta gran parte de los contenidos del presente documento. Ambas condicionan las previsiones y propuestas aquí contempladas y desarrolladas.<br><br>La aprobación del PATODHV, una respuesta necesaria a una demanda histórica de la sociedad valenciana, supone un hito en la protección y conservación de la Huerta. Pero el PATODHV plantea una orientación hacia la «terciarización» de la agricultura que ha llevado a diferentes col·lectivos, entidades y administraciones a reflexionar sobre los riesgos que comporta para la actividad agraria la dinamización de la Huerta desde la «terciarización».<br><br>Este estudio surge de la necesidad de prevenir los posibles conflictos que la implantación de actividades no agrícolas pueda ocasionar, así como de la obligación de proponer y definir unas líneas de trabajo que contribuyan a la integración de los usos y actividades económicas en la Huerta. La propuesta parte de la centralidad de la actividad agraria y de la necesidad de abordar sus problemas actuales, sin rehuir de ninguna forma la exigencia de detener la degradación del patrimonio cultural.</p>



<p></p>



<p><strong>Objetivos y líneas de actuación</strong></p>



<p>&#8211; Assentar les bases per a la conservació del patrimoni cultural del Sòl No Urbanitzable del terme municipal de València</p>



<p>&#8211; Promoure i potenciar activitats complementàries i alternatives a l’agricultura que puguen beneficiar, de manera directa i indirecta, els propis agricultors —homes i dones— i l’espai agrari al qual treballen.</p>



<p><strong>Fecha:</strong> junio de 2017</p>



<p><strong>Destinatario: </strong>Ajuntament de València</p>

<p>Propuestas de contenidos para un plan de gestión y planificación del patrimonio cultural y de los usos no agrícolas en el suelo no urbanizable del término municipal de Valencia Descripción La Huerta de Valencia, a pesar de su extraordinario valor, es un paisaje amenazado por múltiples factores interrelacionados. La pérdida de rentabilidad de la actividad [&hellip;]</p>
