{"id":238832,"date":"2021-03-16T14:51:19","date_gmt":"2021-03-16T12:51:19","guid":{"rendered":"https:\/\/fundacioassut.org\/?post_type=project&#038;p=238832"},"modified":"2021-03-16T14:51:23","modified_gmt":"2021-03-16T12:51:23","slug":"estudi-per-a-la-mediacio-i-participacio-en-la-recuperacio-de-la-conca-del-vinalopo","status":"publish","type":"project","link":"https:\/\/fundacioassut.org\/?project=estudi-per-a-la-mediacio-i-participacio-en-la-recuperacio-de-la-conca-del-vinalopo","title":{"rendered":"Estudi per a la mediaci\u00f3 i participaci\u00f3 en la recuperaci\u00f3 de la conca del Vinalop\u00f3"},"content":{"rendered":"\n<p><strong>Descripci\u00f3<\/strong><\/p>\n\n\n\n<p>Aquest estudi es proposa com una primera fase de recerca per al disseny i la implementaci\u00f3 del futur pla de participaci\u00f3 donada l&#8217;extrema complexitat del territori (extensi\u00f3, alta densitat i multiplicitat de realitats i agents).<\/p>\n\n\n\n<p><strong>Objectius i l\u00ednies d\u2019actuaci\u00f3<\/strong><\/p>\n\n\n\n<ul class=\"wp-block-list\"><li>Aproximar-se, de manera general, a la realitat social que envolta el riu del Vinalop\u00f3.<\/li><li>Acostar-se a la manera en la qual les particularitats del riu, per les seues pr\u00f2pies caracter\u00edstiques, han condicionat els usos i les representacions del territori que ho travessa.<\/li><li>Con\u00e8ixer i definir els\/les principals agents que intervenen, de forma directa i indirecta, en la conservaci\u00f3\/degradaci\u00f3 del riu.<\/li><li>Aproximar-se al diagn\u00f2stic (causes i conseq\u00fc\u00e8ncies de l&#8217;estat actual del riu i propostes d&#8217;intervenci\u00f3) dels\/les principals agents.<\/li><li>Explorar les principals expectatives entre els\/les agents del riu Vinalop\u00f3 del futur Pla Director i el proc\u00e9s participatiu.<\/li><li>Obtenir els discursos m\u00e9s significatius entorn de la realitat del riu i les postures m\u00e9s allunyades entre elles, per a tra\u00e7ar un primer mapa que siga la base per als posteriors processos de mediaci\u00f3 i\/o participaci\u00f3.<\/li><\/ul>\n\n\n\n<p><strong>Data: <\/strong>novembre de 2018.<\/p>\n\n\n\n<p><strong>Destinataris:<\/strong> Universitat de Val\u00e8ncia i Conselleria d&#8217;Agricultura, Medi Ambient, Canvi Clim\u00e0tic i Desenvolupament Rural de la Generalitat Valenciana.<\/p>\n","protected":false},"excerpt":{"rendered":"<p>Descripci\u00f3 Aquest estudi es proposa com una primera fase de recerca per al disseny i la implementaci\u00f3 del futur pla de participaci\u00f3 donada l&#8217;extrema complexitat del territori (extensi\u00f3, alta densitat i multiplicitat de realitats i agents). Objectius i l\u00ednies d\u2019actuaci\u00f3 Aproximar-se, de manera general, a la realitat social que envolta el riu del Vinalop\u00f3. Acostar-se [&hellip;]<\/p>\n","protected":false},"author":5,"featured_media":238833,"comment_status":"closed","ping_status":"closed","template":"","meta":{"_et_pb_use_builder":"off","_et_pb_old_content":"","_et_gb_content_width":"","footnotes":""},"project_category":[79],"project_tag":[],"class_list":["post-238832","project","type-project","status-publish","has-post-thumbnail","hentry","project_category-investigacio"],"_links":{"self":[{"href":"https:\/\/fundacioassut.org\/index.php?rest_route=\/wp\/v2\/project\/238832","targetHints":{"allow":["GET"]}}],"collection":[{"href":"https:\/\/fundacioassut.org\/index.php?rest_route=\/wp\/v2\/project"}],"about":[{"href":"https:\/\/fundacioassut.org\/index.php?rest_route=\/wp\/v2\/types\/project"}],"author":[{"embeddable":true,"href":"https:\/\/fundacioassut.org\/index.php?rest_route=\/wp\/v2\/users\/5"}],"replies":[{"embeddable":true,"href":"https:\/\/fundacioassut.org\/index.php?rest_route=%2Fwp%2Fv2%2Fcomments&post=238832"}],"version-history":[{"count":2,"href":"https:\/\/fundacioassut.org\/index.php?rest_route=\/wp\/v2\/project\/238832\/revisions"}],"predecessor-version":[{"id":238837,"href":"https:\/\/fundacioassut.org\/index.php?rest_route=\/wp\/v2\/project\/238832\/revisions\/238837"}],"wp:featuredmedia":[{"embeddable":true,"href":"https:\/\/fundacioassut.org\/index.php?rest_route=\/wp\/v2\/media\/238833"}],"wp:attachment":[{"href":"https:\/\/fundacioassut.org\/index.php?rest_route=%2Fwp%2Fv2%2Fmedia&parent=238832"}],"wp:term":[{"taxonomy":"project_category","embeddable":true,"href":"https:\/\/fundacioassut.org\/index.php?rest_route=%2Fwp%2Fv2%2Fproject_category&post=238832"},{"taxonomy":"project_tag","embeddable":true,"href":"https:\/\/fundacioassut.org\/index.php?rest_route=%2Fwp%2Fv2%2Fproject_tag&post=238832"}],"curies":[{"name":"wp","href":"https:\/\/api.w.org\/{rel}","templated":true}]}}

Estudi per a la mediació i participació en la recuperació de la conca del Vinalopó

<p><strong>Descripció</strong></p>



<p>Aquest estudi es proposa com una primera fase de recerca per al disseny i la implementació del futur pla de participació donada l&#8217;extrema complexitat del territori (extensió, alta densitat i multiplicitat de realitats i agents).</p>



<p><strong>Objectius i línies d’actuació</strong></p>



<ul class="wp-block-list"><li>Aproximar-se, de manera general, a la realitat social que envolta el riu del Vinalopó.</li><li>Acostar-se a la manera en la qual les particularitats del riu, per les seues pròpies característiques, han condicionat els usos i les representacions del territori que ho travessa.</li><li>Conèixer i definir els/les principals agents que intervenen, de forma directa i indirecta, en la conservació/degradació del riu.</li><li>Aproximar-se al diagnòstic (causes i conseqüències de l&#8217;estat actual del riu i propostes d&#8217;intervenció) dels/les principals agents.</li><li>Explorar les principals expectatives entre els/les agents del riu Vinalopó del futur Pla Director i el procés participatiu.</li><li>Obtenir els discursos més significatius entorn de la realitat del riu i les postures més allunyades entre elles, per a traçar un primer mapa que siga la base per als posteriors processos de mediació i/o participació.</li></ul>



<p><strong>Data: </strong>novembre de 2018.</p>



<p><strong>Destinataris:</strong> Universitat de València i Conselleria d&#8217;Agricultura, Medi Ambient, Canvi Climàtic i Desenvolupament Rural de la Generalitat Valenciana.</p>

<p>Descripció Aquest estudi es proposa com una primera fase de recerca per al disseny i la implementació del futur pla de participació donada l&#8217;extrema complexitat del territori (extensió, alta densitat i multiplicitat de realitats i agents). Objectius i línies d’actuació Aproximar-se, de manera general, a la realitat social que envolta el riu del Vinalopó. Acostar-se [&hellip;]</p>
